{"id":816,"date":"2025-12-26T09:17:45","date_gmt":"2025-12-26T09:17:45","guid":{"rendered":"https:\/\/nnnew88.com\/index.php\/gioi-thieu-new88\/"},"modified":"2025-12-26T09:17:45","modified_gmt":"2025-12-26T09:17:45","slug":"gioi-thieu-new88","status":"publish","type":"page","link":"https:\/\/nnnew88.com\/index.php\/gioi-thieu-new88\/","title":{"rendered":"Gi\u1edbi thi\u1ec7u new88"},"content":{"rendered":"<p><a href=\"https:\/\/nnnew88.com\/gioi-thieu-new88\/\"><b>Gi\u1edbi thi\u1ec7u New88<\/b><\/a> hi\u1ec7n \u0111ang l\u00e0 ch\u1ee7 \u0111\u1ec1 \u0111\u01b0\u1ee3c nhi\u1ec1u ng\u01b0\u1eddi ch\u01a1i c\u00e1 c\u01b0\u1ee3c online b\u00e0n t\u00e1n tr\u01b0\u1edbc khi h\u1ecd \u0111\u01b0a ra quy\u1ebft \u0111\u1ecbnh \u0111\u1eb7t c\u01b0\u1ee3c t\u1ea1i nh\u00e0 c\u00e1i. Th\u01b0\u01a1ng hi\u1ec7u kh\u00f4ng ch\u1ec9 \u0111\u01a1n thu\u1ea7n l\u00e0 t\u1ed5 ch\u1ee9c c\u00e1 c\u01b0\u1ee3c th\u00f4ng th\u01b0\u1eddng, m\u00e0 c\u00f2n l\u00e0 bi\u1ec3u t\u01b0\u1ee3ng c\u1ee7a s\u1ef1 an to\u00e0n, ch\u1ea5t l\u01b0\u1ee3ng v\u00e0 uy t\u00edn. N\u01a1i \u0111\u00e2y s\u1edf h\u1eefu v\u00f4 v\u00e0n s\u1ea3n ph\u1ea9m th\u00fa v\u1ecb \u0111ang thu h\u00fat l\u01b0\u1ee3ng l\u1edbn h\u1ed9i vi\u00ean truy c\u1eadp.<\/p>\n<h2><b>Gi\u1edbi thi\u1ec7u New88 \u2013 t\u1ed5ng quan v\u1ec1 s\u00e2n ch\u01a1i<\/b><\/h2>\n<p>T\u00ednh \u0111\u1ebfn th\u1eddi \u0111i\u1ec3m b\u00e2y gi\u1edd, nh\u00e0 c\u00e1i \u0111\u00e3 c\u00f3 h\u01a1n 10 n\u0103m ho\u1ea1t \u0111\u1ed9ng trong l\u0129nh v\u1ef1c c\u00e1 c\u01b0\u1ee3c, k\u1ec3 t\u1eeb l\u00fac ra m\u1eaft ch\u00ednh th\u1ee9c n\u0103m 2014. T\u1ed5 ch\u1ee9c \u0111\u00e3 nhanh ch\u00f3ng x\u00e2y d\u1ef1ng t\u00ean tu\u1ed5i g\u1ea7n g\u0169i \u0111\u1ebfn ng\u01b0\u1eddi d\u00f9ng h\u01a1n. S\u1edf h\u1eefu m\u1ed9t c\u1ed9ng \u0111\u1ed3ng h\u1ed9i vi\u00ean \u0111\u00f4ng \u0111\u1ea3o g\u1ea7n 3 tri\u1ec7u ng\u01b0\u1eddi.<\/p>\n<p><b>Gi\u1edbi thi\u1ec7u New88<\/b> thu h\u00fat h\u00e0ng ngh\u00ecn l\u01b0\u1ee3t truy c\u1eadp m\u1ed7i ng\u00e0y nh\u1edd v\u00e0o giao di\u1ec7n b\u1eaft m\u1eaft, tr\u00f2 ch\u01a1i th\u00fa v\u1ecb k\u00e8m theo \u0111\u00f3 l\u00e0 c\u01a1 h\u1ed9i ki\u1ebfm th\u01b0\u1edfng tuy\u1ec7t v\u1eddi. C\u1ed5ng game \u0111\u01b0\u1ee3c c\u1ea5p gi\u1ea5y ch\u1ee9ng nh\u1eadn kinh doanh an to\u00e0n t\u1eeb c\u01a1 quan PAGCOR v\u00e0 c\u1ea3 ch\u00ednh ph\u1ee7 c\u1ee7a c\u00e1c qu\u1ed1c gia trong khu v\u1ef1c ch\u00e2u \u00c1.<\/p>\n<p>\u0110i\u1ec1u n\u00e0y \u0111\u00e1nh d\u1ea5u m\u1ed1c quan tr\u1ecdng, cam k\u1ebft m\u1ed9t \u0111i\u1ec3m \u0111\u1ebfn l\u00e0nh m\u1ea1nh, minh b\u1ea1ch kh\u00f4ng c\u00f3 s\u1ef1 b\u1ea5t c\u00f4ng n\u00e0o, l\u1ea1m d\u1ee5ng, gian l\u1eadn ng\u01b0\u1eddi ch\u01a1i. Ngo\u00e0i ra, nh\u1eefng ch\u01b0\u01a1ng tr\u00ecnh khuy\u1ebfn m\u00e3i khi b\u1ea1n \u0111\u0103ng nh\u1eadp v\u00e0o \u0111\u01b0\u1eddng d\u1eabn ch\u00ednh th\u1ed1ng c\u1ee7a ch\u00fang t\u00f4i s\u1ebd nh\u1eadn \u0111\u01b0\u1ee3c ti\u1ec1n th\u01b0\u1edfng ngay. D\u1ea7n d\u1ea7n New88 \u0111\u00e3 b\u1eaft \u0111\u1ea7u tr\u1edf th\u00e0nh l\u1ef1a ch\u1ecdn t\u1ed1i \u01b0u nh\u1ea5t c\u1ee7a nhi\u1ec1u chuy\u00ean gia.<\/p>\n<figure id=\"attachment_1041\" aria-describedby=\"caption-attachment-1041\" style=\"width: 800px\" class=\"wp-caption aligncenter\"><img title=\"Gi\u1edbi thi\u1ec7u New88 \u0111\u1eb3ng c\u1ea5p nh\u1ea5t\" loading=\"lazy\" decoding=\"async\" class=\"size-full wp-image-1041\" src=\"http:\/\/nnnew88.com\/wp-content\/uploads\/2025\/12\/gioi-thieu-new88-dang-cap-nhat.webp\" alt=\"Gi\u1edbi thi\u1ec7u New88 \u0111\u1eb3ng c\u1ea5p nh\u1ea5t\" width=\"800\" height=\"400\"><figcaption id=\"caption-attachment-1041\" class=\"wp-caption-text\">Gi\u1edbi thi\u1ec7u New88 \u0111\u1eb3ng c\u1ea5p nh\u1ea5t<\/figcaption><\/figure>\n<h2><b>Gi\u1edbi thi\u1ec7u New88 an to\u00e0n tuy\u1ec7t \u0111\u1ed1i<\/b><\/h2>\n<p>M\u1ed9t trong nh\u1eefng y\u1ebfu t\u1ed1 quan tr\u1ecdng gi\u00fap s\u00e2n ch\u01a1i \u0111\u1ea1t \u0111\u01b0\u1ee3c v\u1ecb th\u1ebf ng\u00f4i v\u01b0\u01a1ng hi\u1ec7n nay t\u1ea1i khu v\u1ef1c ch\u00e2u \u00c1 l\u00e0 nh\u1edd t\u00ednh b\u1ea3o m\u1eadt, h\u1ee3p ph\u00e1p c\u1ee7a h\u1ec7 th\u1ed1ng. Ngay t\u1eeb khi xu\u1ea5t hi\u1ec7n, nh\u00e0 c\u00e1i \u0111\u00e3 c\u00f3 cho m\u00ecnh m\u1ed9t chi\u1ebfn l\u01b0\u1ee3c ph\u00e1t tri\u1ec3n v\u00f4 c\u00f9ng r\u00f5 r\u00e0ng v\u1edbi m\u1ee5c ti\u00eau m\u1edf r\u1ed9ng ph\u1ea1m vi ho\u1ea1t \u0111\u1ed9ng. \u0110\u1ea3m b\u1ea3o v\u1edbi t\u1ea5t c\u1ea3 nh\u1eefng ng\u01b0\u1eddi tham gia s\u00e2n ch\u01a1i ho\u00e0n to\u00e0n \u1ed5n \u0111\u1ecbnh, kh\u00f4ng c\u00f3 d\u1ea5u hi\u1ec7u x\u1ea5u.<\/p>\n<p>H\u1ec7 th\u1ed1ng lu\u00f4n cam k\u1ebft m\u1ed9t n\u1ec1n t\u1ea3ng gi\u1ea3i tr\u00ed v\u1edbi nh\u1eefng d\u1ecbch v\u1ee5, s\u1ea3n ph\u1ea9m \u0111\u01b0\u1ee3c ki\u1ec3m duy\u1ec7t k\u1ef9 c\u00e0ng. To\u00e0n b\u1ed9 giao d\u1ecbch t\u00e0i ch\u00ednh, ho\u1ea1t \u0111\u1ed9ng \u0111\u1eb7t ti\u1ec1n \u0111\u1ec1u \u0111\u01b0\u1ee3c b\u1ea3o m\u1eadt v\u00e0 x\u1eed l\u00fd nhanh g\u1ecdn nh\u1ea5t. \u0110\u1ed9i ng\u0169 chuy\u00ean vi\u00ean t\u1ea1i \u0111\u00e2y c\u0169ng ch\u00ednh l\u00e0 l\u00fd do gi\u00fap tay c\u01b0\u1ee3c an t\u00e2m h\u01a1n, tho\u1ea3i m\u00e1i h\u01a1n khi ch\u01a1i m\u00e0 kh\u00f4ng lo ng\u1ea1i vi\u1ec7c g\u1eb7p r\u1ee7i ro kh\u00f4ng \u0111\u00e1ng c\u00f3.<\/p>\n<h2><b>L\u1ed1i \u0111i c\u1ee7a s\u00e2n ch\u01a1i h\u00e0ng \u0111\u1ea7u New88<\/b><\/h2>\n<p><b>Gi\u1edbi thi\u1ec7u New88<\/b> kh\u00f4ng ch\u1ec9 \u0111\u01a1n thu\u1ea7n l\u00e0 m\u1ed9t t\u1ed5 ch\u1ee9c c\u00e1 c\u01b0\u1ee3c online m\u00e0 ch\u00fang t\u00f4i c\u00f2n t\u1ea1o ra l\u1ed1i \u0111i, s\u1ee9 m\u1ec7nh c\u1ee5 th\u1ec3 trong vi\u1ec7c mang \u0111\u1ebfn l\u1ee3i \u00edch cho ng\u01b0\u1eddi d\u00f9ng. Nh\u00e0 c\u00e1i \u0111\u1ec1 cao s\u1ef1 h\u00e0i l\u00f2ng c\u1ee7a h\u1ed9i vi\u00ean, ng\u00e0y \u0111\u00eam kh\u00f4ng ng\u1eebng n\u1ed7 l\u1ef1c x\u00e2y d\u1ef1ng m\u00f4i tr\u01b0\u1eddng l\u00e0nh m\u1ea1nh, c\u00f4ng b\u1eb1ng nh\u1ea5t.<\/p>\n<p>T\u1ea7m nh\u00ecn chung l\u00e0 tr\u1edf th\u00e0nh \u0111i\u1ec3m \u0111\u1ebfn h\u00e0ng \u0111\u1ea7u t\u1ea1i khu v\u1ef1c ch\u00e2u \u00c1, tuy nhi\u00ean th\u1ebf gi\u1edbi m\u1edbi l\u00e0 m\u1ee5c ti\u00eau ch\u00ednh c\u1ee7a t\u1ed5 ch\u1ee9c. Cung c\u1ea5p d\u1ecbch v\u1ee5 gi\u1ea3i tr\u00ed v\u1edbi chi ph\u00ed h\u1ee3p l\u00fd nh\u01b0ng ch\u1ea5t l\u01b0\u1ee3ng, ng\u01b0\u1eddi ch\u01a1i d\u1ec5 d\u00e0ng t\u1ed1i \u01b0u ho\u00e1 l\u1ee3i nhu\u1eadn c\u1ee7a b\u1ea3n th\u00e2n v\u00e0 tr\u1ea3i nghi\u1ec7m \u0111\u01b0\u1ee3c nhi\u1ec1u \u0111i\u1ec1u m\u1edbi m\u1ebb.<\/p>\n<p>\u0110\u1eb7c bi\u1ec7t h\u01a1n, c\u1ed5ng game lu\u00f4n \u0111\u00f3n \u0111\u1ea7u xu h\u01b0\u1edbng \u0111\u00e1nh c\u01b0\u1ee3c m\u1edbi nh\u1ea5t, \u0111\u1ea3m b\u1ea3o s\u1ef1 h\u1ea5p d\u1eabn, \u0111a d\u1ea1ng trong t\u1eebng s\u1ea3n ph\u1ea9m. M\u1ecdi v\u1ea5n \u0111\u1ec1 ph\u00e1t sinh lu\u00f4n \u0111\u01b0\u1ee3c gi\u1ea3i quy\u1ebft nhanh g\u1ecdn, minh b\u1ea1ch, \u0111\u1ea3m b\u1ea3o kh\u00f4ng m\u1eafc ph\u1ea3i s\u1ef1 c\u1ed1 n\u00e0o ngo\u00e0i mong mu\u1ed1n c\u1ee7a b\u1ea3n th\u00e2n.<\/p>\n<figure id=\"attachment_1043\" aria-describedby=\"caption-attachment-1043\" style=\"width: 800px\" class=\"wp-caption aligncenter\"><img title=\"M\u1ee5c ti\u00eau c\u1ee7a nh\u00e0 c\u00e1i New88\" loading=\"lazy\" decoding=\"async\" class=\"size-full wp-image-1043\" src=\"http:\/\/nnnew88.com\/wp-content\/uploads\/2025\/12\/muc-tieu-cua-nha-cai-new88.webp\" alt=\"M\u1ee5c ti\u00eau c\u1ee7a nh\u00e0 c\u00e1i New88\" width=\"800\" height=\"400\"><figcaption id=\"caption-attachment-1043\" class=\"wp-caption-text\">M\u1ee5c ti\u00eau c\u1ee7a nh\u00e0 c\u00e1i New88<\/figcaption><\/figure>\n<h2><b>Gi\u1edbi thi\u1ec7u New88 c\u00f9ng nh\u1eefng s\u1ea3nh game hot<\/b><\/h2>\n<p>B\u00ean c\u1ea1nh c\u00e1c y\u1ebfu t\u1ed1 b\u1ea3o m\u1eadt, giao d\u1ecbch an to\u00e0n th\u00ec nh\u00e0 c\u00e1i ch\u00fang t\u00f4i c\u00f2n s\u1edf h\u1eefu kho game phong ph\u00fa ch\u01b0a t\u1eebng c\u00f3 tr\u00ean th\u1ecb tr\u01b0\u1eddng. Sau \u0111\u00e2y l\u00e0 m\u1ed9t s\u1ed1 s\u1ea3n ph\u1ea9m hot \u0111\u01b0\u1ee3c \u0111\u00f4ng \u0111\u1ea3o tay c\u01b0\u1ee3c l\u1ef1a ch\u1ecdn tr\u1ea3i nghi\u1ec7m khi \u0111\u1ebfn \u0111\u00e2y:<\/p>\n<h3><b>Casino online<\/b><\/h3>\n<p><b>Gi\u1edbi thi\u1ec7u New88<\/b> cung c\u1ea5p h\u00e0ng lo\u1ea1t t\u1ef1a game t\u1eeb Poker cho \u0111\u1ebfn Baccarat, Roulette,\u2026 Nh\u1eefng b\u1ed9 m\u00f4n n\u00e0y thu h\u00fat \u0111\u00f4ng \u0111\u1ea3o ng\u01b0\u1eddi tham gia nh\u1edd v\u00e0o t\u1ef7 l\u1ec7 th\u1eafng kh\u1ee7ng, giao di\u1ec7n s\u1ed1ng \u0111\u1ed9ng, \u0111\u01b0\u1ee3c giao l\u01b0u v\u1edbi c\u00e1c c\u00f4 em Dealer n\u00f3ng b\u1ecfng.<\/p>\n<h3><b>B\u1eafn c\u00e1 3D<\/b><\/h3>\n<p>\u0110\u00e2y l\u00e0 m\u1ed9t s\u1ea3nh game \u0111\u01b0\u1ee3c y\u00eau th\u00edch nh\u1edd v\u00e0o \u00e2m thanh, \u0111\u1ed3 h\u1ecda 3D tuy\u1ec7t \u0111\u1eb9p, gameplay d\u1ec5 d\u00e0ng ti\u1ebfp c\u1eadn. H\u1ed9i vi\u00ean s\u1ebd c\u00f3 c\u01a1 h\u1ed9i s\u0103n th\u01b0\u1edfng v\u00e0 nh\u1eadn v\u1ec1 c\u00e1c ph\u1ea7n th\u01b0\u1edfng l\u1edbn khi tham gia.<\/p>\n<h3><b>N\u1ed5 h\u0169<\/b><\/h3>\n<p><a href=\"https:\/\/nnnew88.com\/\"><strong>New88<\/strong><\/a> n\u1ed5i b\u1eadt v\u1edbi nhi\u1ec1u slot game n\u1ed5 h\u0169 h\u1ea5p d\u1eabn, t\u1ef7 l\u1ec7 tr\u00fang Jackpot nh\u1ea5t nh\u00ec th\u1ecb tr\u01b0\u1eddng. Khi ch\u01a1i, b\u1ea1n ch\u1ec9 c\u1ea7n b\u1ecf ra m\u1ed9t kho\u1ea3n v\u1ed1n nh\u1ecf nh\u01b0ng \u0111\u1ee7 \u0111\u1ec3 \u0111\u1ed5i \u0111\u1eddi ngay trong m\u1ed9t v\u00e1n c\u01b0\u1ee3c.<\/p>\n<h3><b>C\u00e1 c\u01b0\u1ee3c th\u1ec3 thao<\/b><\/h3>\n<p>N\u1ed5i b\u1eadt v\u1edbi nhi\u1ec1u b\u1ed9 m\u00f4n th\u1ec3 thao b\u00f3ng \u0111\u00e1, b\u00f3ng r\u1ed5,\u2026 k\u00e8m theo \u0111\u00f3 l\u00e0 100 t\u1ef7 l\u1ec7 k\u00e8o kh\u00e1c nhau xu\u1ea5t hi\u1ec7n trong tr\u1eadn \u0111\u1ea5u. T\u00e2n binh d\u1ec5 d\u00e0ng l\u1ef1a ch\u1ecdn tr\u1eadn b\u00f3ng nh\u01b0 mong mu\u1ed1n \u0111\u1ec3 \u0111\u1eb7t c\u01b0\u1ee3c.<\/p>\n<h3><b>Game b\u00e0i 3D<\/b><\/h3>\n<p>Nhi\u1ec1u tr\u00f2 b\u00e0i n\u1ed5i b\u1eadt trong s\u1ea3nh nh\u01b0 S\u00e2m l\u1ed1c, Ti\u1ebfn l\u00ean, Ph\u1ecfm,\u2026 \u0111\u1ec1u \u0111\u01b0\u1ee3c thi\u1ebft k\u1ebf v\u1edbi h\u00ecnh \u1ea3nh 3D s\u1eafc n\u00e9t. Mang \u0111\u1ebfn tr\u1ea3i nghi\u1ec7m ch\u00e2n th\u1ef1c, h\u1ea5p d\u1eabn ch\u1ec9 c\u00f3 t\u1ea1i \u0111\u00e2y.<\/p>\n<figure id=\"attachment_1042\" aria-describedby=\"caption-attachment-1042\" style=\"width: 800px\" class=\"wp-caption aligncenter\"><img title=\"Gi\u1edbi thi\u1ec7u New88 v\u00e0 m\u1ed9t s\u1ed1 s\u1ea3n ph\u1ea9m hot\" loading=\"lazy\" decoding=\"async\" class=\"size-full wp-image-1042\" src=\"http:\/\/nnnew88.com\/wp-content\/uploads\/2025\/12\/gioi-thieu-new88-va-mot-so-san-pham-hot.webp\" alt=\"Gi\u1edbi thi\u1ec7u New88 v\u00e0 m\u1ed9t s\u1ed1 s\u1ea3n ph\u1ea9m hot\" width=\"800\" height=\"400\"><figcaption id=\"caption-attachment-1042\" class=\"wp-caption-text\">Gi\u1edbi thi\u1ec7u New88 v\u00e0 m\u1ed9t s\u1ed1 s\u1ea3n ph\u1ea9m hot<\/figcaption><\/figure>\n<h2><b>L\u1eddi k\u1ebft<\/b><\/h2>\n<p><b>Gi\u1edbi thi\u1ec7u New88<\/b> \u0111\u00e3 gi\u00fap h\u1ed9i vi\u00ean c\u00f3 c\u00e1i nh\u00ecn t\u1ed1t nh\u1ea5t v\u1ec1 c\u1ed5ng game ch\u1ea5t l\u01b0\u1ee3ng, an to\u00e0n trong th\u1ebf gi\u1edbi game tr\u1ef1c tuy\u1ebfn. T\u1ea7m nh\u00ecn r\u00f5 r\u00e0ng, s\u1ea3n ph\u1ea9m c\u00f9ng d\u1ecbch v\u1ee5 tuy\u1ec7t v\u1eddi s\u1ebd ti\u1ebfp t\u1ee5c khi\u1ebfn n\u01a1i \u0111\u00e2y tr\u1edf th\u00e0nh l\u1ef1a ch\u1ecdn h\u00e0ng \u0111\u1ea7u c\u1ee7a chuy\u00ean gia v\u00e0 t\u00e2n binh. H\u00e3y c\u00f9ng \u0111\u0103ng k\u00fd tr\u1ea3i nghi\u1ec7m nh\u1eadn th\u01b0\u1edfng c\u00f9ng nh\u00e0 c\u00e1i ch\u00fang t\u00f4i ngay b\u00e2y gi\u1edd nh\u00e9!<\/p>\n","protected":false},"excerpt":{"rendered":"<p>Gi\u1edbi thi\u1ec7u New88 hi\u1ec7n \u0111ang l\u00e0 ch\u1ee7 \u0111\u1ec1 \u0111\u01b0\u1ee3c nhi\u1ec1u ng\u01b0\u1eddi ch\u01a1i c\u00e1 c\u01b0\u1ee3c online b\u00e0n t\u00e1n tr\u01b0\u1edbc khi h\u1ecd \u0111\u01b0a ra quy\u1ebft \u0111\u1ecbnh \u0111\u1eb7t c\u01b0\u1ee3c t\u1ea1i nh\u00e0 c\u00e1i. Th\u01b0\u01a1ng hi\u1ec7u kh\u00f4ng ch\u1ec9 \u0111\u01a1n thu\u1ea7n l\u00e0 t\u1ed5 ch\u1ee9c c\u00e1 c\u01b0\u1ee3c th\u00f4ng th\u01b0\u1eddng, m\u00e0 c\u00f2n l\u00e0 bi\u1ec3u t\u01b0\u1ee3ng c\u1ee7a s\u1ef1 an to\u00e0n, ch\u1ea5t l\u01b0\u1ee3ng v\u00e0 uy&#8230; Xem th\u00eam<\/p>\n","protected":false},"author":1,"featured_media":0,"parent":0,"menu_order":0,"comment_status":"closed","ping_status":"closed","template":"","meta":{"footnotes":""},"class_list":["post-816","page","type-page","status-publish","hentry"],"_links":{"self":[{"href":"https:\/\/nnnew88.com\/index.php\/wp-json\/wp\/v2\/pages\/816","targetHints":{"allow":["GET"]}}],"collection":[{"href":"https:\/\/nnnew88.com\/index.php\/wp-json\/wp\/v2\/pages"}],"about":[{"href":"https:\/\/nnnew88.com\/index.php\/wp-json\/wp\/v2\/types\/page"}],"author":[{"embeddable":true,"href":"https:\/\/nnnew88.com\/index.php\/wp-json\/wp\/v2\/users\/1"}],"replies":[{"embeddable":true,"href":"https:\/\/nnnew88.com\/index.php\/wp-json\/wp\/v2\/comments?post=816"}],"version-history":[{"count":0,"href":"https:\/\/nnnew88.com\/index.php\/wp-json\/wp\/v2\/pages\/816\/revisions"}],"wp:attachment":[{"href":"https:\/\/nnnew88.com\/index.php\/wp-json\/wp\/v2\/media?parent=816"}],"curies":[{"name":"wp","href":"https:\/\/api.w.org\/{rel}","templated":true}]}}