{"id":818,"date":"2025-12-26T09:17:46","date_gmt":"2025-12-26T09:17:46","guid":{"rendered":"https:\/\/nnnew88.com\/index.php\/mien-tru-trach-nhiem\/"},"modified":"2025-12-26T09:17:46","modified_gmt":"2025-12-26T09:17:46","slug":"mien-tru-trach-nhiem","status":"publish","type":"page","link":"https:\/\/nnnew88.com\/index.php\/mien-tru-trach-nhiem\/","title":{"rendered":"mi\u1ec5n tr\u1eeb tr\u00e1ch nhi\u1ec7m"},"content":{"rendered":"<p><a href=\"https:\/\/nnnew88.com\/mien-tru-trach-nhiem\/\"><b>Mi\u1ec5n tr\u1eeb tr\u00e1ch nhi\u1ec7m <\/b><\/a>mang \u0111\u1ebfn h\u1ec7 th\u1ed1ng nguy\u00ean t\u1eafc b\u00e0i b\u1ea3n nh\u1eb1m b\u1ea3o v\u1ec7 kh\u00f4ng gian th\u01b0 gi\u00e3n c\u1ee7a h\u1ed9i vi\u00ean. \u0110\u1ed3ng th\u1eddi, ch\u00ednh s\u00e1ch c\u00f2n gi\u00fap kh\u1eb3ng \u0111\u1ecbnh ngh\u0129a v\u1ee5 \u0111\u00f4i b\u00ean \u0111\u1ec3 t\u1ed1i \u01b0u m\u1ecdi quy\u1ec1n l\u1ee3i. N\u1ebfu b\u1ea1n l\u1ea7n \u0111\u1ea7u kh\u00e1m ph\u00e1 t\u1ea1i New88, ch\u01b0a hi\u1ec3u t\u01b0\u1eddng t\u1eadn \u0111i\u1ec1u kho\u1ea3n mi\u1ec5n tr\u1eeb th\u00ec h\u00e3y theo d\u00f5i b\u00e0i vi\u1ebft ngay nh\u00e9!<\/p>\n<h2><b>Kh\u00e1m ph\u00e1 ch\u00ednh s\u00e1ch mi\u1ec5n tr\u1eeb tr\u00e1ch nhi\u1ec7m New88\u00a0<\/b><\/h2>\n<p>Mi\u1ec5n tr\u00e1ch nhi\u1ec7m l\u00e0 m\u1ed9t trong top ch\u00ednh s\u00e1ch c\u01a1 b\u1ea3n, \u0111\u01b0\u1ee3c nh\u00e0 c\u00e1i ban h\u00e0nh ch\u1ec9n chu v\u00e0 th\u01b0\u1eddng xuy\u00ean c\u1ea3i ti\u1ebfn li\u00ean t\u1ee5c. Khi nghi\u00ean c\u1ee9u, ng\u01b0\u1eddi ch\u01a1i c\u00f3 th\u1ec3 d\u1ec5 d\u00e0ng nh\u1eadn th\u1ea5y h\u1ec7 th\u1ed1ng \u0111i\u1ec1u kho\u1ea3n lu\u00f4n h\u01b0\u1edbng \u0111\u1ebfn quy\u1ec1n l\u1ee3i \u0111\u00f4i b\u00ean.<\/p>\n<p>Khi tham kh\u1ea3o quy lu\u1eadt <b>mi\u1ec5n tr\u1eeb tr\u00e1ch nhi\u1ec7m<\/b>, h\u1ed9i vi\u00ean s\u1ebd nh\u1eadn th\u1ee9c r\u00f5 r\u00e0ng tr\u01b0\u1eddng h\u1ee3p b\u1ea3n th\u00e2n \u0111\u01b0\u1ee3c h\u1ed7 tr\u1ee3 ho\u1eb7c ph\u1ea3i t\u1ef1 ch\u1ecbu tr\u00e1ch nhi\u1ec7m. Nh\u1edd \u0111\u00f3, h\u00e0nh tr\u00ecnh s\u0103n th\u01b0\u1edfng s\u1ebd lu\u00f4n di\u1ec5n ra theo chi\u1ec1u h\u01b0\u1edbng c\u00f4ng b\u1eb1ng, an to\u00e0n v\u00e0 hi\u1ec7u qu\u1ea3.<\/p>\n<p>Hi\u1ec7n nay, c\u00e1c nguy\u00ean t\u1eafc \u0111\u1ec1u \u0111\u01b0\u1ee3c c\u00f4ng khai r\u00f5 r\u00e0ng, \u0111\u1ea7y \u0111\u1ee7 v\u00e0 chi ti\u1ebft. Do \u0111\u00f3, khi mu\u1ed1n tra c\u1ee9u v\u00e0 ch\u1ea5p h\u00e0nh kh\u00f4ng kh\u00f3, ch\u1ec9 c\u1ea7n truy c\u1eadp \u0111\u00fang \u0111\u1ecba ch\u1ec9 New88. N\u1ebfu ng\u01b0\u1eddi ch\u01a1i ch\u01b0a th\u1ec3 hi\u1ec3u t\u01b0\u1eddng t\u1eadn, chuy\u00ean vi\u00ean CSKH c\u0169ng s\u1ebd t\u01b0 v\u1ea5n nhi\u1ec7t t\u00ecnh.<\/p>\n<figure id=\"attachment_1056\" aria-describedby=\"caption-attachment-1056\" style=\"width: 800px\" class=\"wp-caption aligncenter\"><img title=\"Mi\u1ec5n tr\u1eeb tr\u00e1ch nhi\u1ec7m New88 l\u00e0 g\u00ec theo chuy\u00ean gia\u00a0\" loading=\"lazy\" decoding=\"async\" class=\"size-full wp-image-1056\" src=\"http:\/\/nnnew88.com\/wp-content\/uploads\/2025\/12\/mien-tru-trach-nhiem-la-gi.webp\" alt=\"Mi\u1ec5n tr\u1eeb tr\u00e1ch nhi\u1ec7m New88 l\u00e0 g\u00ec theo chuy\u00ean gia\u00a0\" width=\"800\" height=\"400\"><figcaption id=\"caption-attachment-1056\" class=\"wp-caption-text\">Mi\u1ec5n tr\u1eeb tr\u00e1ch nhi\u1ec7m New88 l\u00e0 g\u00ec theo chuy\u00ean gia<\/figcaption><\/figure>\n<h2><b>M\u1ee5c ti\u00eau thi\u1ebft l\u1eadp ch\u00ednh s\u00e1ch mi\u1ec5n tr\u00e1ch nhi\u1ec7m New88\u00a0<\/b><\/h2>\n<p>Kh\u00f4ng ph\u1ea3i t\u1ef1 nhi\u00ean m\u00e0 th\u01b0\u01a1ng hi\u1ec7u lu\u00f4n quan t\u00e2m, \u0111i\u1ec1u ch\u1ec9nh v\u00e0 n\u00e2ng c\u1ea5p \u0111i\u1ec1u kho\u1ea3n mi\u1ec5n tr\u1eeb li\u00ean t\u1ee5c. D\u01b0\u1edbi \u0111\u00e2y l\u00e0 m\u1ed9t v\u00e0i \u01b0u \u0111i\u1ec3m \u1ea5n t\u01b0\u1ee3ng m\u00e0 ch\u00ednh s\u00e1ch mang \u0111\u1ebfn cho nh\u00e0 c\u00e1i l\u1eabn ng\u01b0\u1eddi tham gia.<\/p>\n<ul>\n<li aria-level=\"1\">X\u00e1c \u0111\u1ecbnh r\u00f5 r\u00e0ng ph\u1ea1m vi x\u1eed l\u00fd c\u1ee7a nh\u00e0 c\u00e1i, tr\u00e1nh vi\u1ec7c ph\u00e1t sinh tranh ch\u1ea5p g\u00e2y \u1ea3nh h\u01b0\u1edfng \u0111\u1ebfn quy\u1ec1n l\u1ee3i th\u01b0\u01a1ng hi\u1ec7u.<\/li>\n<li aria-level=\"1\">\u0110i\u1ec1u kho\u1ea3n <b>mi\u1ec5n tr\u1eeb tr\u00e1ch nhi\u1ec7m<\/b> gi\u00fap x\u00e2y d\u1ef1ng m\u00f4i tr\u01b0\u1eddng th\u01b0 gi\u00e3n v\u00e0 ki\u1ebfm ti\u1ec1n l\u00e0nh m\u1ea1nh, v\u0103n minh h\u01a1n.<\/li>\n<li aria-level=\"1\">M\u1ecdi quy\u1ec1n l\u1ee3i c\u1ee7a th\u00e0nh vi\u00ean tham gia c\u0169ng \u0111\u01b0\u1ee3c t\u1ed1i \u01b0u, cam k\u1ebft c\u00f4ng b\u1eb1ng cho t\u1eebng \u0111\u1ed1i t\u01b0\u1ee3ng d\u00f9 l\u00e0 t\u00e2n binh hay h\u1ed9i vi\u00ean VIP.<\/li>\n<li aria-level=\"1\">Tinh th\u1ea7n gi\u1ea3i tr\u00ed lu\u00f4n \u0111\u01b0\u1ee3c n\u00e2ng cao, m\u1ecdi ng\u01b0\u1eddi ch\u01a1i \u0111\u1ec1u nh\u1eadn th\u1ee9c \u0111\u01b0\u1ee3c r\u00f5 r\u00e0ng tr\u00e1ch nhi\u1ec7m \u0111\u1ec3 h\u1ea1n ch\u1ebf sai ph\u1ea1m \u0111\u00e1ng ti\u1ebfc.<\/li>\n<li aria-level=\"1\">Kh\u1eb3ng \u0111\u1ecbnh \u0111\u1ed9 uy t\u00edn v\u00e0 chuy\u00ean nghi\u1ec7p c\u1ee7a th\u01b0\u01a1ng hi\u1ec7u, ng\u00e0y c\u00e0ng tr\u1edf th\u00e0nh \u0111i\u1ec3m \u0111\u1ebfn \u0111\u00e1ng tin c\u1eady cho kh\u00e1ch h\u00e0ng.<\/li>\n<\/ul>\n<figure id=\"attachment_1057\" aria-describedby=\"caption-attachment-1057\" style=\"width: 800px\" class=\"wp-caption aligncenter\"><img title=\"T\u1ea7m quan tr\u1ecdng c\u1ee7a ch\u00ednh s\u00e1ch mi\u1ec5n tr\u00e1ch nhi\u1ec7m b\u1ea1n n\u00ean bi\u1ebft\u00a0\" loading=\"lazy\" decoding=\"async\" class=\"size-full wp-image-1057\" src=\"http:\/\/nnnew88.com\/wp-content\/uploads\/2025\/12\/mien-tru-trach-nhiem-tam-quan-trong.webp\" alt=\"T\u1ea7m quan tr\u1ecdng c\u1ee7a ch\u00ednh s\u00e1ch mi\u1ec5n tr\u00e1ch nhi\u1ec7m b\u1ea1n n\u00ean bi\u1ebft\u00a0\" width=\"800\" height=\"400\"><figcaption id=\"caption-attachment-1057\" class=\"wp-caption-text\">T\u1ea7m quan tr\u1ecdng c\u1ee7a ch\u00ednh s\u00e1ch mi\u1ec5n tr\u00e1ch nhi\u1ec7m b\u1ea1n n\u00ean bi\u1ebft<\/figcaption><\/figure>\n<h2><b>N\u1ed9i dung \u0111i\u1ec1u kho\u1ea3n mi\u1ec5n tr\u1eeb tr\u00e1ch nhi\u1ec7m \u00e1p d\u1ee5ng cho \u0111\u00f4i b\u00ean\u00a0<\/b><\/h2>\n<p>Hi\u1ec7n nay, \u0111i\u1ec1u kho\u1ea3n mi\u1ec5n tr\u1eeb ph\u00e2n chia th\u00e0nh 2 kh\u00eda c\u1ea1nh, bao g\u1ed3m \u0111\u1ed1i v\u1edbi nh\u00e0 c\u00e1i v\u00e0 th\u00e0nh vi\u00ean \u0111\u0103ng k\u00fd tr\u1ea3i nghi\u1ec7m. N\u1ebfu mu\u1ed1n n\u1eafm b\u1eaft t\u01b0\u1eddng t\u1eadn, b\u1ea1n n\u00ean tham kh\u1ea3o n\u1ed9i dung h\u1eefu \u00edch \u0111\u01b0\u1ee3c t\u1ed5ng h\u1ee3p ngay d\u01b0\u1edbi \u0111\u00e2y.<\/p>\n<h3><b>Nguy\u00ean t\u1eafc mi\u1ec5n tr\u1eeb \u0111\u1ed1i v\u1edbi New88\u00a0<\/b><\/h3>\n<p>New88 s\u1ebd <b>mi\u1ec5n tr\u1eeb tr\u00e1ch nhi\u1ec7m<\/b> trong nh\u1eefng tr\u01b0\u1eddng h\u1ee3p n\u00e0o b\u1ea1n \u0111\u00e3 bi\u1ebft ch\u01b0a? C\u00f9ng c\u1eadp nh\u1eadt m\u1ed9t v\u00e0i nguy\u00ean t\u1eafc logic, c\u00f3 t\u00ednh thuy\u1ebft ph\u1ee5c cao do chuy\u00ean gia thi\u1ebft l\u1eadp ngay nh\u00e9!<\/p>\n<ul>\n<li aria-level=\"1\">Tham gia s\u0103n th\u01b0\u1edfng, ng\u01b0\u1eddi ch\u01a1i ph\u1ea3i ch\u1ea5p nh\u1eadn r\u1ee7i ro v\u1ec1 v\u1ea5n \u0111\u1ec1 t\u00e0i ch\u00ednh. B\u1edfi h\u1ea7u h\u1ebft l\u00e0 b\u1ed9 m\u00f4n c\u00f3 t\u00ednh may r\u1ee7i v\u00e0 \u0111\u01a1n v\u1ecb c\u0169ng kh\u00f4ng y\u00eau c\u1ea7u c\u01b0\u1ee3c v\u1edbi s\u1ed1 ti\u1ec1n qu\u00e1 l\u1edbn. N\u1ebfu h\u1ed9i vi\u00ean kh\u00f4ng may thua l\u1ed7, nh\u00e0 c\u00e1i s\u1ebd t\u1eeb ch\u1ed1i m\u1ecdi y\u00eau c\u1ea7u x\u1eed l\u00fd, b\u1ed3i th\u01b0\u1eddng n\u1ebfu kh\u00f4ng c\u00f3 sai ph\u1ea1m.<\/li>\n<li aria-level=\"1\">Truy c\u1eadp nh\u1ea7m \u0111\u1ecba ch\u1ec9 l\u1eeba \u0111\u1ea3o, b\u1ecb \u0111\u00e1nh c\u1eafp d\u1eef li\u1ec7u v\u00e0 t\u00e0i s\u1ea3n c\u0169ng kh\u00f4ng thu\u1ed9c ph\u1eadn s\u1ef1 qu\u1ea3n l\u00fd v\u00e0 gi\u1ea3i quy\u1ebft c\u1ee7a h\u1ec7 th\u1ed1ng. \u0110\u00e2y l\u00e0 y\u1ebfu t\u1ed1 kh\u00e1ch quan, c\u00e1 nh\u00e2n t\u1eebng th\u00e0nh vi\u00ean c\u1ea7n c\u1ea9n tr\u1ecdng s\u00e0ng l\u1ecdc tr\u01b0\u1edbc khi tham gia.<\/li>\n<li aria-level=\"1\">Ng\u01b0\u1eddi ch\u01a1i sai ph\u1ea1m trong ho\u1ea1t \u0111\u1ed9ng n\u1ea1p r\u00fat ti\u1ec1n, kh\u00f4ng tu\u00e2n th\u1ee7 \u0111\u00fang \u0111i\u1ec1u kho\u1ea3n chung th\u00ec m\u1ecdi y\u00eau c\u1ea7u gi\u1ea3i quy\u1ebft s\u1ebd b\u1ecb t\u1eeb ch\u1ed1i. V\u00ec v\u1eady, tr\u01b0\u1edbc khi s\u1eed d\u1ee5ng d\u1ecbch v\u1ee5, b\u1ea1n n\u00ean ch\u1ee7 \u0111\u1ed9ng tra c\u1ee9u h\u01b0\u1edbng d\u1eabn \u0111\u1ec3 tr\u00e1nh sai s\u00f3t.<\/li>\n<li aria-level=\"1\">H\u1ed9i vi\u00ean s\u1ebd ph\u1ea3i ch\u1ecbu m\u1ecdi t\u1ed5n th\u1ea5t n\u1ebfu c\u1ed1 t\u00ecnh s\u1eed d\u1ee5ng ph\u1ea7n m\u1ec1m hack game ho\u1eb7c th\u1ef1c hi\u1ec7n chi\u00eau tr\u00f2 gian l\u1eadn. \u0110\u00e2y l\u00e0 \u0111i\u1ec1u kho\u1ea3n nghi\u00eam c\u1ea5m t\u1ea1i th\u01b0\u01a1ng hi\u1ec7u n\u00ean tuy\u1ec7t \u0111\u1ed1i \u0111\u1eebng tham lam sai ph\u1ea1m.<\/li>\n<\/ul>\n<figure id=\"attachment_1055\" aria-describedby=\"caption-attachment-1055\" style=\"width: 800px\" class=\"wp-caption aligncenter\"><img title=\"\u0110i\u1ec1u kho\u1ea3n mi\u1ec5n tr\u1eeb chu\u1ea9n x\u00e1c d\u00e0nh cho th\u01b0\u01a1ng hi\u1ec7u New88\" loading=\"lazy\" decoding=\"async\" class=\"size-full wp-image-1055\" src=\"http:\/\/nnnew88.com\/wp-content\/uploads\/2025\/12\/mien-tru-trach-nhiem-danh-cho-new88.webp\" alt=\"\u0110i\u1ec1u kho\u1ea3n mi\u1ec5n tr\u1eeb chu\u1ea9n x\u00e1c d\u00e0nh cho th\u01b0\u01a1ng hi\u1ec7u New88\" width=\"800\" height=\"400\"><figcaption id=\"caption-attachment-1055\" class=\"wp-caption-text\">\u0110i\u1ec1u kho\u1ea3n mi\u1ec5n tr\u1eeb chu\u1ea9n x\u00e1c d\u00e0nh cho th\u01b0\u01a1ng hi\u1ec7u New88<\/figcaption><\/figure>\n<h3><b>Nguy\u00ean t\u1eafc mi\u1ec5n tr\u1eeb tr\u00e1ch nhi\u1ec7m \u0111\u1ed1i v\u1edbi h\u1ed9i vi\u00ean\u00a0<\/b><\/h3>\n<p>V\u1edbi ng\u01b0\u1eddi ch\u01a1i \u0111\u0103ng k\u00fd t\u00e0i kho\u1ea3n v\u00e0 th\u1eed s\u1ee9c kho game t\u1ea1i nh\u00e0 c\u00e1i c\u0169ng s\u1ebd \u0111\u01b0\u1ee3c mi\u1ec5n tr\u00e1ch nhi\u1ec7m trong m\u1ed9t s\u1ed1 tr\u01b0\u1eddng h\u1ee3p. Khi \u0111\u00e3 quy\u1ebft \u0111\u1ecbnh chinh chi\u1ebfn t\u1ea1i \u0111\u00e2y th\u00ec n\u00ean d\u00e0nh nhi\u1ec1u th\u1eddi gian nghi\u00ean c\u1ee9u \u0111\u1ec3 b\u1ea3o v\u1ec7 t\u1ed1i \u0111a quy\u1ec1n l\u1ee3i. Chi ti\u1ebft nh\u01b0 sau:<\/p>\n<ul>\n<li aria-level=\"1\">H\u1ec7 th\u1ed1ng b\u1ea3o m\u1eadt g\u1eb7p s\u1ef1 c\u1ed1, g\u00e2y l\u1ed9 danh t\u00ednh ng\u01b0\u1eddi ch\u01a1i ho\u1eb7c \u0111\u1ec3 hacker t\u1ea5n c\u00f4ng th\u00ec nh\u00e0 c\u00e1i ph\u1ea3i ch\u1ecbu to\u00e0n b\u1ed9 tr\u00e1ch nhi\u1ec7m. L\u00fac n\u00e0y, nh\u00e2n vi\u00ean k\u1ef9 thu\u1eadt s\u1ebd s\u1edbm ti\u1ebfp nh\u1eadn s\u1ef1 c\u1ed1 v\u00e0 kh\u1eafc ph\u1ee5c, b\u1ed3i th\u01b0\u1eddng trong t\u00edch t\u1eafc.<\/li>\n<li aria-level=\"1\"><b>Mi\u1ec5n tr\u1eeb tr\u00e1ch nhi\u1ec7m<\/b> ng\u01b0\u1eddi ch\u01a1i khi h\u1ec7 th\u1ed1ng thanh to\u00e1n b\u1ecb t\u1eafc ngh\u1ebdn ho\u1eb7c b\u1ea3o tr\u00ec. H\u1ec7 th\u1ed1ng s\u1ebd cam k\u1ebft l\u1ec7nh n\u1ea1p r\u00fat s\u1ebd \u0111\u01b0\u1ee3c x\u1eed l\u00fd chu\u1ea9n x\u00e1c v\u00e0 trong th\u1eddi gian s\u1edbm nh\u1ea5t \u0111\u1ec3 kh\u00f4ng g\u00e2y gi\u00e1n \u0111o\u1ea1n h\u00e0nh tr\u00ecnh c\u00e1 c\u01b0\u1ee3c.<\/li>\n<li aria-level=\"1\">Nh\u1eadn th\u01b0\u1edfng sai m\u1ee9c t\u1ef7 l\u1ec7 \u00e1p d\u1ee5ng tr\u01b0\u1edbc \u0111\u00f3, ch\u1ec9 c\u1ea7n b\u1ea1n ph\u1ea3n h\u1ed3i nh\u00e0 c\u00e1i s\u1ebd t\u00ednh to\u00e1n v\u00e0 chi tr\u1ea3 l\u1ea1i ch\u00ednh x\u00e1c. V\u00ec v\u1eady, th\u00e0nh vi\u00ean ch\u1ec9 c\u1ea7n t\u1eadp trung gi\u00e0nh chi\u1ebfn th\u1eafng, kh\u00f4ng c\u1ea7n lo l\u1eafng v\u1ec1 ho\u1ea1t \u0111\u1ed9ng t\u1ea5t to\u00e1n l\u1ee3i nhu\u1eadn.<\/li>\n<\/ul>\n<h2><b>L\u1eddi k\u1ebft\u00a0<\/b><\/h2>\n<p>Ph\u00eda tr\u00ean l\u00e0 to\u00e0n b\u1ed9 th\u00f4ng tin chia s\u1ebb v\u1ec1 ch\u00ednh s\u00e1ch <b>mi\u1ec5n tr\u1eeb tr\u00e1ch nhi\u1ec7m<\/b> m\u1edbi nh\u1ea5t 2025 t\u1ea1i nh\u00e0 c\u00e1i uy t\u00edn <a href=\"https:\/\/nnnew88.com\/\"><strong>New88<\/strong><\/a>. N\u1ebfu b\u1ea1n t\u00f2 m\u00f2 th\u00ec h\u00e3y ch\u1ee7 \u0111\u1ed9ng truy c\u1eadp b\u00e0i vi\u1ebft \u0111\u1ec3 tham kh\u1ea3o t\u01b0\u1eddng t\u1eadn. M\u1ed9t khi th\u00f4ng th\u1ea1o v\u00e0 tu\u00e2n th\u1ee7 \u0111\u00fang nguy\u00ean t\u1eafc, h\u00e0nh tr\u00ecnh s\u0103n th\u01b0\u1edfng ch\u1eafc ch\u1eafn s\u1ebd tr\u1edf n\u00ean hi\u1ec7u qu\u1ea3 h\u01a1n bao gi\u1edd h\u1ebft.<\/p>\n","protected":false},"excerpt":{"rendered":"<p>Mi\u1ec5n tr\u1eeb tr\u00e1ch nhi\u1ec7m mang \u0111\u1ebfn h\u1ec7 th\u1ed1ng nguy\u00ean t\u1eafc b\u00e0i b\u1ea3n nh\u1eb1m b\u1ea3o v\u1ec7 kh\u00f4ng gian th\u01b0 gi\u00e3n c\u1ee7a h\u1ed9i vi\u00ean. \u0110\u1ed3ng th\u1eddi, ch\u00ednh s\u00e1ch c\u00f2n gi\u00fap kh\u1eb3ng \u0111\u1ecbnh ngh\u0129a v\u1ee5 \u0111\u00f4i b\u00ean \u0111\u1ec3 t\u1ed1i \u01b0u m\u1ecdi quy\u1ec1n l\u1ee3i. N\u1ebfu b\u1ea1n l\u1ea7n \u0111\u1ea7u kh\u00e1m ph\u00e1 t\u1ea1i New88, ch\u01b0a hi\u1ec3u t\u01b0\u1eddng t\u1eadn \u0111i\u1ec1u kho\u1ea3n mi\u1ec5n&#8230; Xem th\u00eam<\/p>\n","protected":false},"author":1,"featured_media":823,"parent":0,"menu_order":0,"comment_status":"closed","ping_status":"closed","template":"","meta":{"footnotes":""},"class_list":["post-818","page","type-page","status-publish","has-post-thumbnail","hentry"],"_links":{"self":[{"href":"https:\/\/nnnew88.com\/index.php\/wp-json\/wp\/v2\/pages\/818","targetHints":{"allow":["GET"]}}],"collection":[{"href":"https:\/\/nnnew88.com\/index.php\/wp-json\/wp\/v2\/pages"}],"about":[{"href":"https:\/\/nnnew88.com\/index.php\/wp-json\/wp\/v2\/types\/page"}],"author":[{"embeddable":true,"href":"https:\/\/nnnew88.com\/index.php\/wp-json\/wp\/v2\/users\/1"}],"replies":[{"embeddable":true,"href":"https:\/\/nnnew88.com\/index.php\/wp-json\/wp\/v2\/comments?post=818"}],"version-history":[{"count":0,"href":"https:\/\/nnnew88.com\/index.php\/wp-json\/wp\/v2\/pages\/818\/revisions"}],"wp:featuredmedia":[{"embeddable":true,"href":"https:\/\/nnnew88.com\/index.php\/wp-json\/wp\/v2\/media\/823"}],"wp:attachment":[{"href":"https:\/\/nnnew88.com\/index.php\/wp-json\/wp\/v2\/media?parent=818"}],"curies":[{"name":"wp","href":"https:\/\/api.w.org\/{rel}","templated":true}]}}