{"id":843,"date":"2025-12-26T09:18:07","date_gmt":"2025-12-26T09:18:07","guid":{"rendered":"https:\/\/nnnew88.com\/index.php\/the-thao-new88\/"},"modified":"2025-12-26T09:18:07","modified_gmt":"2025-12-26T09:18:07","slug":"the-thao-new88","status":"publish","type":"page","link":"https:\/\/nnnew88.com\/index.php\/the-thao-new88\/","title":{"rendered":"TH\u1ec2 THAO NEW88"},"content":{"rendered":"<p><span style=\"font-weight: 400;\"><a href=\"https:\/\/nnnew88.com\/the-thao-new88\/\"><strong>Th\u1ec3 thao New88<\/strong><\/a> s\u1ea3nh \u0111ang nh\u1eadn v\u1ec1 s\u1ed1 l\u01b0\u1ee3ng ng\u01b0\u1eddi ch\u01a1i tham gia truy c\u1eadp r\u1ea5t \u0111\u00f4ng \u0111\u1ea3o xu\u1ea5t ph\u00e1t t\u1eeb nhi\u1ec1u \u01b0u \u0111i\u1ec3m \u0111\u1eb7c tr\u01b0ng ri\u00eang. Kh\u00f4ng ch\u1ec9 m\u1edf ra cho ng\u01b0\u1eddi ch\u01a1i c\u01a1 h\u1ed9i \u0111\u01b0\u1ee3c \u0111\u1eb7t c\u01b0\u1ee3c v\u1edbi h\u01a1n 30 b\u1ed9 m\u00f4n thi \u0111\u1ea5u, \u0111\u1ed9i ng\u0169 chuy\u00ean gia c\u1ee7a s\u00e2n ch\u01a1i v\u1edbi kinh nghi\u1ec7m cao mang \u0111\u1ebfn t\u1ef7 l\u1ec7 k\u00e8o nh\u00e0 c\u00e1i ch\u1ea5t l\u01b0\u1ee3ng ho\u00e0n to\u00e0n minh b\u1ea1ch. \u0110\u1ec3 hi\u1ec3u r\u00f5 h\u01a1n h\u00e3y c\u00f9ng v\u1edbi ch\u00fang t\u00f4i \u0111i\u1ec3m qua nh\u1eefng n\u1ed9i dung chia s\u1ebb c\u1ef1c h\u1eefu \u00edch trong b\u00e0i vi\u1ebft.<\/span><\/p>\n<h2><b>Th\u1ec3 thao New88 v\u00e0 \u01b0u \u0111i\u1ec3m thu h\u00fat ng\u01b0\u1eddi ch\u01a1i<\/b><\/h2>\n<p><span style=\"font-weight: 400;\">S\u1ea3nh th\u1ec3 thao New88 l\u00e0 s\u00e2n ch\u01a1i gi\u00fap cho ng\u01b0\u1eddi d\u00f9ng c\u00f3 th\u1ec3 l\u1ef1a ch\u1ecdn c\u00e1c b\u1ed9 m\u00f4n thi \u0111\u1ea5u h\u1ea5p d\u1eabn \u0111\u1ec3 ti\u1ebfn h\u00e0nh \u0111\u1eb7t c\u01b0\u1ee3c c\u00f9ng s\u1ef1 \u0111a d\u1ea1ng c\u1ee7a c\u00e1c t\u1ef7 l\u1ec7 k\u00e8o nh\u00e0 c\u00e1i. Th\u00e0nh c\u00f4ng tr\u1edf th\u00e0nh \u0111i\u1ec3m \u0111\u1ebfn \u0111\u01b0\u1ee3c nhi\u1ec1u h\u1ed9i vi\u00ean quan t\u00e2m l\u00e0 nh\u1edd v\u00e0o vi\u1ec7c ch\u00fa tr\u1ecdng mang \u0111\u1ebfn m\u1ed9t n\u1ec1n t\u1ea3ng c\u00e1 c\u01b0\u1ee3c l\u00e0nh m\u1ea1nh \u0111\u1ea3m b\u1ea3o quy\u1ec1n l\u1ee3i t\u1ed1t nh\u1ea5t cho ng\u01b0\u1eddi tham gia, minh ch\u1ee9ng th\u1ec3 hi\u1ec7n t\u1eeb nh\u1eefng t\u1ed5ng h\u1ee3p sau \u0111\u00e2y.<\/span><\/p>\n<figure id=\"attachment_985\" aria-describedby=\"caption-attachment-985\" style=\"width: 800px\" class=\"wp-caption aligncenter\"><img title=\"Tr\u1ea3i nghi\u1ec7m th\u1ec3 thao New88 uy t\u00edn, minh b\u1ea1ch\" loading=\"lazy\" decoding=\"async\" class=\"size-full wp-image-985\" src=\"http:\/\/nnnew88.com\/wp-content\/uploads\/2025\/12\/trai-nghiem-the-thao-new88-uy-tin.webp\" alt=\"Tr\u1ea3i nghi\u1ec7m th\u1ec3 thao New88 uy t\u00edn, minh b\u1ea1ch\" width=\"800\" height=\"400\"><figcaption id=\"caption-attachment-985\" class=\"wp-caption-text\">Tr\u1ea3i nghi\u1ec7m th\u1ec3 thao New88 uy t\u00edn, minh b\u1ea1ch<\/figcaption><\/figure>\n<h3><b>\u0110a d\u1ea1ng lo\u1ea1i h\u00ecnh c\u01b0\u1ee3c<\/b><\/h3>\n<p><span style=\"font-weight: 400;\">Khi \u0111\u1ebfn v\u1edbi s\u1ea3nh th\u1ec3 thao New88 b\u1ea1n kh\u00f4ng kh\u00f3 \u0111\u1ec3 ch\u1ecdn nhanh cho m\u00ecnh m\u1ed9t t\u1ef7 l\u1ec7 k\u00e8o ph\u00f9 h\u1ee3p \u0111\u1ebfn t\u1eeb h\u00f4m 30 b\u1ed9 m\u00f4n thi \u0111\u1ea5u kh\u00e1c nhau. T\u00f9y thu\u1ed9c v\u00e0o di\u1ec5n bi\u1ebfn c\u1ee7a t\u1eebng tr\u1eadn \u0111\u1ea5u \u0111\u1ed9i ng\u0169 chuy\u00ean gia s\u1ebd ph\u00e2n t\u00edch v\u00e0 \u0111\u01b0a ra d\u1ef1 \u0111o\u00e1n v\u1ec1 n\u0103ng l\u1ef1c \u0111\u1ec3 m\u1edf c\u01b0\u1ee3c cho m\u1ed9t s\u1ed1 h\u00ecnh th\u1ee9c k\u00e8o ph\u1ed5 bi\u1ebfn nh\u01b0: k\u00e8o ch\u00e2u \u00c2u, k\u00e8o ch\u00e2u \u00c1, k\u00e8o T\u00e0i X\u1ec9u, k\u00e8o ph\u1ee5,\u2026<\/span><\/p>\n<h3><b>K\u1ebft qu\u1ea3 minh b\u1ea1ch<\/b><\/h3>\n<p><span style=\"font-weight: 400;\">T\u1ea1i s\u1ea3nh th\u1ec3 thao New88 ng\u01b0\u1eddi ch\u01a1i s\u1ebd d\u1ec5 d\u00e0ng nh\u1eadn th\u1ea5y b\u1ea3ng k\u00e8o \u0111\u01b0\u1ee3c l\u00ean t\u1eeb r\u1ea5t s\u1edbm v\u00e0 t\u1ed5ng h\u1ee3p t\u1eeb c\u00e1c gi\u1ea3i \u0111\u1ea5u uy t\u00edn tr\u00ean kh\u1eafp h\u00e0nh tinh nh\u01b0: Euro, World Cup, C1, ngo\u1ea1i h\u1ea1ng Anh, v\u00f4 \u0111\u1ecbch T\u00e2y Ban Nha,\u2026 \u0110i\u1ec1u n\u00e0y \u0111\u00e3 g\u00f3p ph\u1ea7n gi\u00fap cho k\u1ebft qu\u1ea3 c\u1ee7a m\u1ed7i l\u01b0\u1ee3t tr\u1eadn \u0111\u1ec1u r\u1ea5t c\u00f4ng b\u1eb1ng v\u00e0 minh b\u1ea1ch. B\u1ea1n s\u1ebd d\u1ec5 d\u00e0ng th\u1ef1c hi\u1ec7n ph\u00e2n t\u00edch v\u00e0 d\u1ef1a tr\u00ean ki\u1ebfn th\u1ee9c th\u1ec3 thao \u0111\u1ec3 ch\u1ecdn nhanh t\u1ec9 l\u1ec7 k\u00e8o ph\u00f9 h\u1ee3p.<\/span><\/p>\n<h3><b>Tr\u1ea3 th\u01b0\u1edfng uy t\u00edn<\/b><\/h3>\n<p><span style=\"font-weight: 400;\">\u0110\u1ebfn v\u1edbi New88 ngo\u00e0i t\u1ef7 l\u1ec7 tr\u1ea3 th\u01b0\u1edfng c\u1ea1nh tranh nh\u00e0 c\u00e1i c\u0169ng th\u1ef1c hi\u1ec7n t\u00ednh to\u00e1n v\u00e0 chi tr\u1ea3 v\u00f4 c\u00f9ng uy t\u00edn th\u00f4ng qua h\u1ec7 th\u1ed1ng hi\u1ec7n \u0111\u1ea1i.<\/span><\/p>\n<p><span style=\"font-weight: 400;\">Th\u00e0nh vi\u00ean ch\u1ec9 c\u1ea7n li\u00ean k\u1ebft t\u00e0i kho\u1ea3n ng\u00e2n h\u00e0ng m\u1ed9t l\u1ea7n duy nh\u1ea5t sau \u0111\u00f3 ch\u1ec9 nh\u1eadp li\u1ec7u th\u00f4ng tin v\u00e0 ch\u1ecdn t\u00e0i kho\u1ea3n l\u00e0 \u0111\u00e3 c\u00f3 th\u1ec3 nhanh ch\u00f3ng mang ti\u1ec1n v\u1ec1 th\u1eadt d\u1ec5 d\u00e0ng. T\u1ed1c \u0111\u1ed9 x\u1eed l\u00fd vi\u1ec7c tr\u1ea3 th\u01b0\u1edfng ch\u1ec9 di\u1ec5n ra trong kho\u1ea3ng th\u1eddi gian t\u1eeb 3 \u0111\u1ebfn 5 ph\u00fat.\u00a0<\/span><\/p>\n<h3><b>Tr\u1ea3i nghi\u1ec7m ti\u1ec7n l\u1ee3i<\/b><\/h3>\n<p><span style=\"font-weight: 400;\">\u0110\u1ec3 c\u00f3 th\u1ec3 v\u00e0o ch\u01a1i th\u1ec3 thao New88 anh em c\u00f3 hai s\u1ef1 l\u1ef1a ch\u1ecdn l\u00e0 th\u00f4ng qua tr\u00ecnh duy\u1ec7t web \u0111\u1ec3 v\u00e0o v\u1edbi \u0111\u01b0\u1eddng link ch\u00ednh th\u1ed1ng. Ho\u1eb7c gi\u1edd \u0111\u00e2y \u1ee9ng d\u1ee5ng c\u0169ng \u0111\u00e3 \u0111\u01b0\u1ee3c New88 cho ra m\u1eaft v\u00e0 d\u1ec5 d\u00e0ng c\u00e0i \u0111\u1eb7t tr\u00ean c\u1ea3 hai h\u1ec7 \u0111i\u1ec1u h\u00e0nh iOS v\u00e0 Android. T\u1ea5t c\u1ea3 \u0111i\u1ec1u n\u00e0y k\u1ebft h\u1ee3p l\u1ea1i gi\u00fap cho ng\u01b0\u1eddi ch\u01a1i tham gia c\u00e1 c\u01b0\u1ee3c ti\u1ec7n l\u1ee3i h\u01a1n 24\/7 b\u1ea5t k\u1ef3 th\u1eddi \u0111i\u1ec3m n\u00e0o trong ng\u00e0y kh\u00f4ng gi\u1edbi h\u1ea1n.<\/span><\/p>\n<h2><b>Top nh\u1eefng s\u1ea3nh c\u01b0\u1ee3c h\u1ea5p d\u1eabn g\u00f3p m\u1eb7t c\u00f9ng th\u1ec3 thao New88<\/b><\/h2>\n<p><span style=\"font-weight: 400;\">New88 t\u1eeb ng\u00e0y \u0111\u1ea7u th\u00e0nh l\u1eadp s\u1ea3nh th\u1ec3 thao \u0111\u00e3 t\u00ecm ki\u1ebfm tr\u01b0\u1edbc k\u1ef9 l\u01b0\u1ee1ng c\u00e1c \u0111\u1ed1i t\u00e1c v\u00e0 li\u00ean k\u1ebft c\u00f9ng nhi\u1ec1u nh\u00e0 ph\u00e1t h\u00e0nh uy t\u00edn tr\u00ean th\u1ecb tr\u01b0\u1eddng. M\u1ed7i m\u1ed9t s\u00e2n ch\u01a1i lu\u00f4n c\u00f3 \u01b0u \u0111i\u1ec3m v\u00e0 th\u1ebf m\u1ea1nh ri\u00eang, tin ch\u1eafc s\u1ebd m\u1edf ra cho ng\u01b0\u1eddi ch\u01a1i c\u01a1 h\u1ed9i \u0111\u01b0\u1ee3c \u0111\u1eb7t c\u01b0\u1ee3c v\u1edbi c\u00e1c t\u1ef7 l\u1ec7 k\u00e8o ph\u00f9 h\u1ee3p nh\u1ea5t.<\/span><\/p>\n<figure id=\"attachment_987\" aria-describedby=\"caption-attachment-987\" style=\"width: 800px\" class=\"wp-caption aligncenter\"><img title=\"S\u1ea3nh c\u01b0\u1ee3c h\u1ea5p d\u1eabn g\u00f3p m\u1eb7t t\u1ea1i th\u1ec3 thao New88\" loading=\"lazy\" decoding=\"async\" class=\"size-full wp-image-987\" src=\"http:\/\/nnnew88.com\/wp-content\/uploads\/2025\/12\/sanh-cuoc-gop-mat-tai-the-thao-new88.webp\" alt=\"S\u1ea3nh c\u01b0\u1ee3c h\u1ea5p d\u1eabn g\u00f3p m\u1eb7t t\u1ea1i th\u1ec3 thao New88\" width=\"800\" height=\"400\"><figcaption id=\"caption-attachment-987\" class=\"wp-caption-text\">S\u1ea3nh c\u01b0\u1ee3c h\u1ea5p d\u1eabn g\u00f3p m\u1eb7t t\u1ea1i th\u1ec3 thao New88<\/figcaption><\/figure>\n<h3><b>SABA<\/b><\/h3>\n<p><span style=\"font-weight: 400;\">\u0110\u1ea7u ti\u00ean \u0111\u01b0\u1ee3c k\u1ec3 \u0111\u1ebfn \u0111\u00f3 ch\u00ednh l\u00e0 s\u1ea3nh Saba, t\u1ea1i \u0111\u00e2y ng\u01b0\u1eddi d\u00f9ng s\u1ebd \u0111\u01b0\u1ee3c tham gia \u0111\u1eb7t c\u01b0\u1ee3c v\u1edbi h\u01a1n 20 b\u1ed9 m\u00f4n thi \u0111\u1ea5u r\u1ea5t h\u1ea5p d\u1eabn, n\u1ed5i b\u1eadt bao g\u1ed3m b\u00f3ng \u0111\u00e1, b\u00f3ng chuy\u1ec1n, b\u00f3ng r\u1ed5, c\u1ea7u l\u00f4ng, b\u01a1i l\u1ed9i. Ngo\u00e0i vi\u1ec7c l\u00ean b\u1ea3ng k\u00e8o t\u1eeb r\u1ea5t s\u1edbm th\u00ec v\u1edbi t\u00ednh n\u0103ng l\u1ecdc d\u1eef li\u1ec7u cho ph\u00e9p ng\u01b0\u1eddi ch\u01a1i nhanh ch\u00f3ng ch\u1ecdn \u0111\u01b0\u1ee3c m\u1ed9t gi\u1ea3i \u0111\u1ea5u \u01b0ng \u00fd, x\u1ee9ng \u0111\u00e1ng l\u00e0 m\u1ed9t \u0111i\u1ec3m \u0111\u1ebfn m\u00e0 b\u1ea1n kh\u00f4ng n\u00ean b\u1ecf l\u1ee1.<\/span><\/p>\n<h3><b>CMD<\/b><\/h3>\n<p><span style=\"font-weight: 400;\">\u0110\u1ee9ng th\u1ee9 hai trong danh s\u00e1ch c\u00e1c \u0111\u1ed1i t\u00e1c ph\u00e1t h\u00e0nh \u0111\u01b0\u1ee3c ng\u01b0\u1eddi ch\u01a1i \u01b0u ti\u00ean l\u1ef1a ch\u1ecdn ch\u00ednh l\u00e0 CMD. Hi\u1ec7n t\u1ea1i s\u1ea3nh c\u01b0\u1ee3c \u0111\u00e3 g\u00f3p m\u1eb7t t\u1ea1i th\u1ec3 thao New88 trong nhi\u1ec1u n\u0103m qua v\u1edbi c\u00e1c \u01b0u \u0111i\u1ec3m n\u1ed5i b\u1eadt, bao g\u1ed3m s\u1ef1 \u0111a d\u1ea1ng c\u1ee7a c\u00e1c lo\u1ea1i h\u00ecnh c\u01b0\u1ee3c v\u00e0 t\u1ef7 l\u1ec7 tr\u1ea3 th\u01b0\u1edfng c\u1ea1nh tranh. Ngo\u00e0i ra th\u00ec thi\u1ebft k\u1ebf giao di\u1ec7n \u0111\u01a1n gi\u1ea3n gi\u00fap cho nh\u1eefng ng\u01b0\u1eddi m\u1edbi c\u00f3 th\u1ec3 ho\u00e0n th\u00e0nh vi\u1ec7c mua v\u00e9 c\u01b0\u1ee3c r\u1ea5t m\u01b0\u1ee3t m\u00e0.<\/span><\/p>\n<h3><b>SBO<\/b><\/h3>\n<p><span style=\"font-weight: 400;\">SBO c\u0169ng ch\u00ednh l\u00e0 m\u1ed9t \u0111i\u1ec3m d\u1eebng ch\u00e2n m\u00e0 ng\u01b0\u1eddi ch\u01a1i c\u00f3 th\u1ec3 l\u1ef1a ch\u1ecdn \u0111\u1ec3 tham gia c\u00f9ng th\u1ec3 thao New88. T\u1ea1i \u0111\u00e2y c\u0169ng s\u1ebd g\u00f3p m\u1eb7t v\u1edbi nh\u1eefng b\u1ed9 m\u00f4n thi \u0111\u1ea5u quen thu\u1ed9c v\u00e0 c\u00f3 th\u00eam tr\u00f2 ch\u01a1i th\u1ec3 thao \u0111i\u1ec7n t\u1eed v\u1edbi c\u00e1c gi\u1ea3i \u0111\u1ea5u c\u1ef1c k\u1ef3 uy t\u00edn. \u0110\u1ed9i ng\u0169 chuy\u00ean gia th\u1ef1c hi\u1ec7n ph\u00e2n t\u00edch t\u1eebng l\u01b0\u1ee3t tr\u1eadn theo \u0111\u00fang di\u1ec5n bi\u1ebfn th\u1ef1c t\u1ebf mang \u0111\u1ebfn c\u00e1c s\u1ea3n ph\u1ea9m ch\u1ea5t l\u01b0\u1ee3ng cao.<\/span><\/p>\n<h2><b>S\u0103n khuy\u1ebfn m\u00e3i kh\u1ee7ng t\u1ea1i s\u1ea3nh th\u1ec3 thao New88<\/b><\/h2>\n<p><span style=\"font-weight: 400;\">\u0110\u1ec3 t\u1ea1o ra s\u1ef1 kh\u00e1c bi\u1ec7t so v\u1edbi c\u00e1c s\u00e2n ch\u01a1i truy\u1ec1n th\u1ed1ng <a href=\"https:\/\/nnnew88.com\/\"><strong>New88<\/strong><\/a> \u0111\u00e3 mang \u0111\u1ebfn nhi\u1ec1u ch\u01b0\u01a1ng tr\u00ecnh khuy\u1ebfn m\u00e3i h\u1ea5p d\u1eabn d\u00e0nh t\u1eb7ng ri\u00eang cho ng\u01b0\u1eddi ch\u01a1i khi tham gia \u0111\u1eb7t c\u01b0\u1ee3c th\u1ec3 thao, n\u1ed5i b\u1eadt s\u1ebd l\u00e0 m\u1ed9t s\u1ed1 s\u1ef1 ki\u1ec7n sau \u0111\u00e2y.<\/span><\/p>\n<figure id=\"attachment_988\" aria-describedby=\"caption-attachment-988\" style=\"width: 800px\" class=\"wp-caption aligncenter\"><img title=\"Tham gia khuy\u1ebfn m\u00e3i th\u1ec3 thao nh\u1eadn th\u01b0\u1edfng kh\u1ee7ng\" loading=\"lazy\" decoding=\"async\" class=\"size-full wp-image-988\" src=\"http:\/\/nnnew88.com\/wp-content\/uploads\/2025\/12\/khuyen-mai-the-thao-thuong-khung.webp\" alt=\"Tham gia khuy\u1ebfn m\u00e3i th\u1ec3 thao nh\u1eadn th\u01b0\u1edfng kh\u1ee7ng\" width=\"800\" height=\"400\"><figcaption id=\"caption-attachment-988\" class=\"wp-caption-text\">Tham gia khuy\u1ebfn m\u00e3i th\u1ec3 thao nh\u1eadn th\u01b0\u1edfng kh\u1ee7ng<\/figcaption><\/figure>\n<ul>\n<li style=\"font-weight: 400;\" aria-level=\"1\"><span style=\"font-weight: 400;\">T\u00edch l\u0169y tu\u1ea7n th\u01b0\u1edfng \u0111\u1ebfn 38.888k tham gia \u0111\u1eb7t c\u01b0\u1ee3c c\u00e0ng nhi\u1ec1u gi\u00e1 tr\u1ecb qu\u00e0 t\u1eb7ng m\u00e0 ng\u01b0\u1eddi ch\u01a1i c\u00f3 th\u1ec3 \u0111\u1ea1t \u0111\u01b0\u1ee3c r\u1ea5t cao.<\/span><\/li>\n<li style=\"font-weight: 400;\" aria-level=\"1\"><span style=\"font-weight: 400;\">Ho\u00e0n tr\u1ea3 t\u1ee9c th\u00ec 2% kh\u00f4ng gi\u1edbi h\u1ea1n b\u1ea5t k\u1ec3 v\u00e9 c\u01b0\u1ee3c th\u1eafng hay thua ch\u1ec9 c\u1ea7n ng\u01b0\u1eddi ch\u01a1i c\u00f3 doanh thu h\u1ee3p l\u1ec7.<\/span><\/li>\n<li style=\"font-weight: 400;\" aria-level=\"1\"><span style=\"font-weight: 400;\">C\u01b0\u1ee3c h\u0103ng say nh\u1eadn th\u01b0\u1edfng li\u1ec1n tay v\u1edbi c\u01a1n m\u01b0a l\u00ec x\u00ec may m\u1eafn m\u1ed7i ng\u00e0y.<\/span><\/li>\n<\/ul>\n<h2><b>K\u1ebft lu\u1eadn<\/b><\/h2>\n<p><span style=\"font-weight: 400;\">V\u1edbi t\u1ea5t c\u1ea3 nh\u1eefng h\u1ea5p d\u1eabn mang l\u1ea1i s\u1ea3nh th\u1ec3 thao New88 h\u1ee9a h\u1eb9n s\u1ebd l\u00e0 \u0111i\u1ec3m \u0111\u1ebfn d\u00e0nh cho nh\u1eefng ai \u0111am m\u00ea c\u00e1c b\u1ed9 m\u00f4n thi \u0111\u1ea5u c\u00f9ng c\u00e1c t\u1ef7 l\u1ec7 k\u00e8o nh\u00e0 c\u00e1i h\u1ea5p d\u1eabn. V\u00e0 \u0111\u1eebng qu\u00ean t\u00ecm hi\u1ec3u c\u1eadp nh\u1eadt ki\u1ebfn th\u1ee9c li\u00ean quan \u0111\u1ec3 nhanh ch\u00f3ng ph\u00e2n t\u00edch v\u00e0 d\u1ef1 \u0111o\u00e1n, ch\u1ecdn \u0111\u00fang c\u00e1c c\u1eeda c\u01b0\u1ee3c chu\u1ea9n x\u00e1c nh\u1ea5t.<\/span><\/p>\n","protected":false},"excerpt":{"rendered":"<p>Th\u1ec3 thao New88 s\u1ea3nh \u0111ang nh\u1eadn v\u1ec1 s\u1ed1 l\u01b0\u1ee3ng ng\u01b0\u1eddi ch\u01a1i tham gia truy c\u1eadp r\u1ea5t \u0111\u00f4ng \u0111\u1ea3o xu\u1ea5t ph\u00e1t t\u1eeb nhi\u1ec1u \u01b0u \u0111i\u1ec3m \u0111\u1eb7c tr\u01b0ng ri\u00eang. Kh\u00f4ng ch\u1ec9 m\u1edf ra cho ng\u01b0\u1eddi ch\u01a1i c\u01a1 h\u1ed9i \u0111\u01b0\u1ee3c \u0111\u1eb7t c\u01b0\u1ee3c v\u1edbi h\u01a1n 30 b\u1ed9 m\u00f4n thi \u0111\u1ea5u, \u0111\u1ed9i ng\u0169 chuy\u00ean gia c\u1ee7a s\u00e2n ch\u01a1i v\u1edbi kinh&#8230; Xem th\u00eam<\/p>\n","protected":false},"author":1,"featured_media":848,"parent":0,"menu_order":0,"comment_status":"closed","ping_status":"closed","template":"","meta":{"footnotes":""},"class_list":["post-843","page","type-page","status-publish","has-post-thumbnail","hentry"],"_links":{"self":[{"href":"https:\/\/nnnew88.com\/index.php\/wp-json\/wp\/v2\/pages\/843","targetHints":{"allow":["GET"]}}],"collection":[{"href":"https:\/\/nnnew88.com\/index.php\/wp-json\/wp\/v2\/pages"}],"about":[{"href":"https:\/\/nnnew88.com\/index.php\/wp-json\/wp\/v2\/types\/page"}],"author":[{"embeddable":true,"href":"https:\/\/nnnew88.com\/index.php\/wp-json\/wp\/v2\/users\/1"}],"replies":[{"embeddable":true,"href":"https:\/\/nnnew88.com\/index.php\/wp-json\/wp\/v2\/comments?post=843"}],"version-history":[{"count":0,"href":"https:\/\/nnnew88.com\/index.php\/wp-json\/wp\/v2\/pages\/843\/revisions"}],"wp:featuredmedia":[{"embeddable":true,"href":"https:\/\/nnnew88.com\/index.php\/wp-json\/wp\/v2\/media\/848"}],"wp:attachment":[{"href":"https:\/\/nnnew88.com\/index.php\/wp-json\/wp\/v2\/media?parent=843"}],"curies":[{"name":"wp","href":"https:\/\/api.w.org\/{rel}","templated":true}]}}